e the remainder when 491470 is divided by 491349.
121
Calculate the remainder when 9553557 is divided by 36.
21
Calculate the remainder when 47470 is divided by 24.
22
What is the remainder when 118513942 is divided by 82?
80
What is the remainder when 1326677 is divided by 1326674?
3
Calculate the remainder when 119558747 is divided by 22.
11
Calculate the remainder when 3099947 is divided by 109.
96
Calculate the remainder when 76628 is divided by 1562.
90
What is the remainder when 701169 is divided by 1590?
1569
What is the remainder when 33012936 is divided by 331?
320
Calculate the remainder when 14430970 is divided by 5415.
5410
Calculate the remainder when 4820395 is divided by 260.
255
Calculate the remainder when 56884 is divided by 1705.
619
Calculate the remainder when 3928053 is divided by 25842.
69
What is the remainder when 9873597 is divided by 5655?
5622
Calculate the remainder when 637480239 is divided by 63.
60
Calculate the remainder when 26577750 is divided by 6644435.
10
Calculate the remainder when 2944660741 is divided by 613.
610
Calculate the remainder when 345701 is divided by 674.
613
What is the remainder when 35137 is divided by 280?
137
Calculate the remainder when 10377008 is divided by 101735.
38
What is the remainder when 182205 is divided by 733?
421
Calculate the remainder when 273521 is divided by 642.
29
What is the remainder when 3659611 is divided by 2056?
1987
Calculate the remainder when 108662 is divided by 54175.
312
What is the remainder when 5242788 is divided by 3993?
3972
What is the remainder when 455892 is divided by 1634?
6
What is the remainder when 54487078 is divided by 1620?
1618
What is the remainder when 881311 is divided by 52?
15
What is the remainder when 161059919 is divided by 1680?
1679
Calculate the remainder when 1438786 is divided by 65399.
8
Calculate the remainder when 39445519 is divided by 6207.
34
What is the remainder when 9164305 is divided by 187?
183
Calculate the remainder when 3739831 is divided by 1422.
1393
Calculate the remainder when 745116 is divided by 6653.
6633
Calculate the remainder when 29483334 is divided by 650.
634
Calculate the remainder when 256220 is divided by 949.
939
What is the remainder when 4517343 is divided by 49?
33
What is the remainder when 1291047469 is divided by 208?
205
Calculate the remainder when 844049 is divided by 3.
2
What is the remainder when 2725862 is divided by 136288?
102
What is the remainder when 1598941798 is divided by 68?
66
What is the remainder when 4412298 is divided by 5708?
14
Calculate the remainder when 7321258 is divided by 332.
326
Calculate the remainder when 2624316 is divided by 2294.
2274
Calculate the remainder when 655234219 is divided by 111.
109
What is the remainder when 4414598 is divided by 200?
198
What is the remainder when 105326 is divided by 5478?
1244
What is the remainder when 93283761 is divided by 1130?
1
What is the remainder when 6347644 is divided by 528?
28
Calculate the remainder when 46865524 is divided by 177.
172
Calculate the remainder when 385194 is divided by 70.
54
Calculate the remainder when 28822 is divided by 2416.
2246
What is the remainder when 1074414 is divided by 6673?
61
What is the remainder when 2448833 is divided by 496?
81
Calculate the remainder when 27802537 is divided by 50.
37
Calculate the remainder when 10376 is divided by 2871.
1763
Calculate the remainder when 1052777 is divided by 1158.
155
What is the remainder when 443856994 is divided by 3564?
3562
Calculate the remainder when 8077258 is divided by 1590.
58
Calculate the remainder when 347453 is divided by 15782.
249
Calculate the remainder when 132705 is divided by 1029.
993
Calculate the remainder when 58044145 is divided by 14.
5
Calculate the remainder when 18727 is divided by 25.
2
Calculate the remainder when 384680 is divided by 42684.
524
What is the remainder when 440373 is divided by 7624?
5805
Calculate the remainder when 878633 is divided by 539.
63
What is the remainder when 46622 is divided by 19282?
8058
Calculate the remainder when 5336949 is divided by 667115.
29
What is the remainder when 86582 is divided by 1542?
230
What is the remainder when 571638 is divided by 731?
727
What is the remainder when 759017 is divided by 21668?
637
What is the remainder when 532856 is divided by 532503?
353
Calculate the remainder when 1901889 is divided by 172896.
33
What is the remainder when 46579572 is divided by 235?
222
What is the remainder when 6498190 is divided by 24?
22
What is the remainder when 161523 is divided by 261?
225
Calculate the remainder when 2405680 is divided by 7539.
739
Calculate the remainder when 342385 is divided by 196.
169
Calculate the remainder when 12881846 is divided by 221.
198
Calculate the remainder when 20687702 is divided by 1379180.
2
What is the remainder when 29725281 is divided by 550468?
9
What is the remainder when 806092 is divided by 7006?
402
Calculate the remainder when 4588890 is divided by 11.
9
What is the remainder when 25083066 is divided by 395?
171
Calculate the remainder when 5755942 is divided by 186.
172
Calculate the remainder when 37234763 is divided by 620579.
23
Calculate the remainder when 5230863 is divided by 2095.
1743
Calculate the remainder when 138382 is divided by 374.
2
Calculate the remainder when 376921 is divided by 12152.
209
Calculate the remainder when 601415 is divided by 300693.
29
Calculate the remainder when 344297 is divided by 9.
2
What is the remainder when 2064524 is divided by 126?
14
What is the remainder when 6654693 is divided by 40826?
55
Calculate the remainder when 14916164 is divided by 29.
14
Calculate the remainder when 1591550 is divided by 397886.
6
What is the remainder when 67943104 is divided by 172?
8
What is the remainder when 331565 is divided by 92?
89
Calculate the remainder when 45949 is divided by 1903.
277
Calculate the remainder when 48054207 is divided by 20.
7
What is the remainder when 3446487 is divided by 90696?
39
What is the remainder when 91554624 is divided by 10?
4
Calculate the remainder when 10979754 is divided by 1260.
114
Calculate the remainder when 71032893 is divided by 14206576.
13
Calculate the remainder when 218391 is divided by 1594.
13
What is the remainder when 133377 is divided by 2503?
718
Calculate the remainder when 217466986 is divided by 2089.
2086
What is the remainder when 62268 is divided by 1219?
99
Calculate the remainder when 63956 is divided by 15862.
508
Calculate the remainder when 255816596 is divided by 120.
116
What is the remainder when 972603 is divided by 2201?
1962
Calculate the remainder when 15457835 is divided by 60.
35
What is the remainder when 437617 is divided by 305?
247
What is the remainder when 79067995 is divided by 4792?
4787
What is the remainder when 20842885 is divided by 6947621?
22
Calculate the remainder when 7169767 is divided by 17616.
55
What is the remainder when 42482 is divided by 7012?
410
What is the remainder when 35376 is divided by 5284?
3672
What is the remainder when 601592 is divided by 1626?
1598
Calculate the remainder when 503795 is divided by 31.
14
What is the remainder when 35129005 is divided by 4651?
2
Calculate the remainder when 246394 is divided by 16335.
1369
What is the remainder when 2640244 is divided by 47?
19
What is the remainder when 28619521 is divided by 13687?
4
What is the remainder when 527223761 is divided by 3242?
3237
Calculate the remainder when 7264950 is divided by 28715.
55
Calculate the remainder when 390601 is divided by 194741.
1119
Calculate the remainder when 5592924 is divided by 46999.
43
What is the remainder when 1772 is divided by 368?
300
What is the remainder when 376451195 is divided by 1333?
1331
Calculate the remainder when 3211352 is divided by 117.
53
Calculate the remainder when 1054664 is divided by 388.
80
What is the remainder when 2489779 is divided by 2489758?
21
What is the remainder when 11036521 is divided by 2809?
2769
Calculate the remainder when 6296228 is divided by 7460.
7448
What is the remainder when 11458417 is divided by 783?
778
Calculate the remainder when 2679966566 is divided by 67.
66
What is the remainder when 11107052 is divided by 44075?
1